is divided by 106749?
65
What is the remainder when 5735 is divided by 408?
23
What is the remainder when 483 is divided by 338?
145
Calculate the remainder when 25222 is divided by 551.
427
What is the remainder when 25715 is divided by 38?
27
Calculate the remainder when 969999 is divided by 388.
387
Calculate the remainder when 5099 is divided by 171.
140
Calculate the remainder when 3726 is divided by 526.
44
Calculate the remainder when 4634 is divided by 55.
14
Calculate the remainder when 13723 is divided by 79.
56
What is the remainder when 52805 is divided by 17561?
122
What is the remainder when 19103 is divided by 26?
19
What is the remainder when 312 is divided by 79?
75
Calculate the remainder when 13416 is divided by 83.
53
Calculate the remainder when 144436 is divided by 9027.
4
Calculate the remainder when 7035 is divided by 534.
93
What is the remainder when 4881 is divided by 405?
21
What is the remainder when 7386650 is divided by 52?
50
Calculate the remainder when 417357 is divided by 208676.
5
Calculate the remainder when 1129 is divided by 24.
1
Calculate the remainder when 8335 is divided by 19.
13
What is the remainder when 3534 is divided by 539?
300
What is the remainder when 12706 is divided by 56?
50
Calculate the remainder when 4156 is divided by 275.
31
What is the remainder when 10153 is divided by 1447?
24
Calculate the remainder when 35469 is divided by 11740.
249
What is the remainder when 1438192 is divided by 5?
2
Calculate the remainder when 16026 is divided by 5340.
6
Calculate the remainder when 1507 is divided by 139.
117
What is the remainder when 2753 is divided by 678?
41
What is the remainder when 38891 is divided by 927?
884
Calculate the remainder when 32397 is divided by 33.
24
What is the remainder when 24442 is divided by 14?
12
What is the remainder when 404701 is divided by 5?
1
Calculate the remainder when 58738 is divided by 29366.
6
What is the remainder when 150875 is divided by 2?
1
What is the remainder when 26958397 is divided by 2900?
2897
What is the remainder when 75596 is divided by 280?
276
Calculate the remainder when 524 is divided by 503.
21
Calculate the remainder when 2120147 is divided by 879.
878
Calculate the remainder when 8487 is divided by 8318.
169
Calculate the remainder when 25828 is divided by 922.
12
Calculate the remainder when 962 is divided by 472.
18
What is the remainder when 1774 is divided by 326?
144
What is the remainder when 14059 is divided by 1166?
67
Calculate the remainder when 8315 is divided by 4149.
17
What is the remainder when 4851 is divided by 12?
3
What is the remainder when 28804 is divided by 5721?
199
Calculate the remainder when 863 is divided by 245.
128
What is the remainder when 52417 is divided by 940?
717
What is the remainder when 4990 is divided by 39?
37
Calculate the remainder when 4251 is divided by 890.
691
What is the remainder when 10287 is divided by 102?
87
Calculate the remainder when 5579 is divided by 23.
13
What is the remainder when 1298106 is divided by 782?
768
What is the remainder when 1267 is divided by 52?
19
What is the remainder when 30390 is divided by 64?
54
What is the remainder when 1263 is divided by 417?
12
Calculate the remainder when 2606 is divided by 85.
56
Calculate the remainder when 99007 is divided by 38.
17
Calculate the remainder when 6752063 is divided by 96.
95
What is the remainder when 4473 is divided by 206?
147
What is the remainder when 9034 is divided by 1129?
2
Calculate the remainder when 3671 is divided by 542.
419
What is the remainder when 25060 is divided by 935?
750
What is the remainder when 890040 is divided by 31?
30
What is the remainder when 580593 is divided by 7?
6
What is the remainder when 7180 is divided by 613?
437
Calculate the remainder when 977 is divided by 371.
235
Calculate the remainder when 45163 is divided by 450.
163
What is the remainder when 138746 is divided by 102?
26
What is the remainder when 2880 is divided by 658?
248
Calculate the remainder when 1232 is divided by 545.
142
What is the remainder when 37143 is divided by 826?
799
What is the remainder when 564527 is divided by 287?
285
What is the remainder when 168215 is divided by 2273?
13
Calculate the remainder when 99515 is divided by 199.
15
What is the remainder when 25480 is divided by 18?
10
What is the remainder when 1345 is divided by 491?
363
What is the remainder when 49015 is divided by 204?
55
Calculate the remainder when 26754 is divided by 120.
114
Calculate the remainder when 2450 is divided by 146.
114
Calculate the remainder when 144842 is divided by 491.
488
What is the remainder when 12272 is divided by 937?
91
Calculate the remainder when 626352 is divided by 313173.
6
What is the remainder when 8088 is divided by 162?
150
Calculate the remainder when 20313 is divided by 32.
25
What is the remainder when 869 is divided by 79?
0
What is the remainder when 532 is divided by 97?
47
Calculate the remainder when 545 is divided by 406.
139
What is the remainder when 18965 is divided by 34?
27
What is the remainder when 17460 is divided by 5817?
9
Calculate the remainder when 25141 is divided by 198.
193
Calculate the remainder when 29387 is divided by 14676.
35
Calculate the remainder when 6439 is divided by 6403.
36
What is the remainder when 127 is divided by 93?
34
Calculate the remainder when 9738 is divided by 324.
18
Calculate the remainder when 43512 is divided by 839.
723
What is the remainder when 37015 is divided by 223?
220
What is the remainder when 133715 is divided by 102?
95
What is the remainder when 28493 is divided by 1597?
1344
What is the remainder when 5837 is divided by 58?
37
What is the remainder when 27018 is divided by 422?
10
What is the remainder when 207767 is divided by 8310?
17
Calculate the remainder when 1029 is divided by 996.
33
Calculate the remainder when 71431 is divided by 23759.
154
What is the remainder when 53495 is divided by 327?
194
Calculate the remainder when 618 is divided by 546.
72
What is the remainder when 17976 is divided by 61?
42
What is the remainder when 43063 is divided by 3?
1
Calculate the remainder when 1876 is divided by 105.
91
Calculate the remainder when 906 is divided by 10.
6
What is the remainder when 38018 is divided by 208?
162
Calculate the remainder when 7795 is divided by 176.
51
What is the remainder when 5399 is divided by 358?
29
Calculate the remainder when 72186 is divided by 18044.
10
What is the remainder when 3173 is divided by 138?
137
Calculate the remainder when 554420 is divided by 25.
20
What is the remainder when 1349168 is divided by 449717?
17
Calculate the remainder when 1007 is divided by 245.
27
What is the remainder when 12260 is divided by 2451?
5
Calculate the remainder when 3613985 is divided by 337.
334
Calculate the remainder when 10298 is divided by 57.
38
Calculate the remainder when 34746 is divided by 11.
8
What is the remainder when 72857 is divided by 267?
233
What is the remainder when 25222 is divided by 37?
25
What is the remainder when 20592 is divided by 5148?
0
What is the remainder when 3160 is divided by 1042?
34
What is the remainder when 5802 is divided by 30?
12
What is the remainder when 564049 is divided by 47004?
1
What is the remainder when 89376 is divided by 25?
1
What is the remainder when 11864 is divided by 181?
99
What is the remainder when 949 is divided by 125?
74
What is the remainder when 163017 is divided by 132?
129
Calculate the remainder when 13701 is divided by 6813.
75
Calculate the remainder when 166095 is divided by 1019.
1017
Calculate the remainder when 4318 is divided by 155.
133
Calculate the remainder when 6124559 is divided by 520.
519
What is the remainder when 41129 is divided by 14?
11
What is the remainder when 22886 is divided by 1633?
24
Calculate the remainder when 1176 is divided by 164.
28
What is the remainder when 148905 is divided by 19?
2
Calculate the remainder when 4532 is divided by 2122.
288
Calculate the remainder when 57045 is divided by 13.
1
What is the remainder when 36337 is divided by 98?
77
What is the remainder when 2435380 is divided by 163?
160
What is the remainder when 67199 is divided by 47?
36
Calculate the re